 = -8 + 5. Let h be (-10)/g*6/5. Suppose -h*y = -y - 33. List the prime factors of y.
11
Let l(h) = 2*h**2 - 4*h + 3. Let y be l(3). Let a(u) = 12*u**2 + 23*u**2 - 27*u**2 - u**3 + 11*u - 4. What are the prime factors of a(y)?
2, 7
Let n = 2 + -5. List the prime factors of -2*(74/(-4) - n).
31
Let r = 48 + -22. What are the prime factors of r?
2, 13
Let q(b) be the third derivative of -3*b**4/8 - 5*b**3/6 - 8*b**2. List the prime factors of q(-4).
31
Let n = -1 - -12. Suppose 2*z - n = 61. Let f = -23 + z. List the prime factors of f.
13
Let i(t) be the third derivative of t**6/120 + 7*t**5/60 - 7*t**4/24 + 11*t**3/6 - 3*t**2. Let q(n) = n - 8. Let c be q(0). What are the prime factors of i(c)?
3
Suppose 10*h = 5*h - 3*o + 205, 4*h + 3*o - 161 = 0. What are the prime factors of h?
2, 11
Let v be (-6)/(-15) - (-23)/5. Suppose -16 = v*q - 81. List the prime factors of q.
13
Suppose 26 = 5*o + t, -o + 2 + 0 = -3*t. Suppose o*x - 52 = 4*x. What are the prime factors of x?
2, 13
Let s be ((-56)/3)/((-2)/(-9)). Let b = -3 - 7. What are the prime factors of 4/b + s/(-10)?
2
Let d = 495 - 270. Let s be (d/20)/(6/(-16)). What are the prime factors of s/(-50) + (-54)/(-10)?
2, 3
Let g = 114 + 138. What are the prime factors of g?
2, 3, 7
Suppose -b + 251 + 69 = 5*y, 0 = 4*y - 4*b - 280. What are the prime factors of y?
5, 13
Let a(c) = 4*c + 1. What are the prime factors of a(11)?
3, 5
Let a(z) = -5*z + 1. Let h be a(1). Let n be (-17)/2 - (-2)/h. What are the prime factors of (-96)/n - (-2)/(-3)?
2, 5
Suppose 2*q = 5*q + o - 820, 5*o + 814 = 3*q. Suppose 0*g + g + 55 = k, 5*k - 3*g - q = 0. List the prime factors of k.
2, 3
Let c(j) = 2*j**3 - j**2 + j. Let w be c(1). Suppose -3*s + 9 = -0. Suppose -i = 3*i - 2*z - 24, -w*i - s*z = -12. List the prime factors of i.
2, 3
Let o(n) = 2*n**2 - 6*n. What are the prime factors of o(5)?
2, 5
Let z = 120 + -62. What are the prime factors of z?
2, 29
Let r = -275 - -518. List the prime factors of r.
3
Let u = 5 + -9. Let t be (-33)/6 - (-2)/u. What are the prime factors of (6 + 1)/((-3)/t)?
2, 7
Let r = -47 + 99. Suppose 5*s - r = 8. List the prime factors of s.
2, 3
Suppose -4*k + 686 = 3*k. List the prime factors of k.
2, 7
Suppose 3*c - 4*r = 638, 4*r = c - 105 - 113. What are the prime factors of c?
2, 3, 5, 7
Let n be 0 + 27 + -1 + -1. Let i = n + -12. List the prime factors of i.
13
Suppose -z + 2*y - 4 = -4*z, -5*z - y = -9. Suppose 0 = -g - 3*g + 4*b + 40, z*g - b - 16 = 0. List the prime factors of g.
2, 3
Suppose -u - 51 = -4*u + x, 5*u - 5*x = 75. Suppose 0 = -4*c + q + 45, -4*q = 4*c - 2 - u. What are the prime factors of c?
2, 5
Suppose f - 4*w = 32, -3*f = 3*w - 117 + 6. List the prime factors of f.
2, 3
Let g = 8 + -5. Let j(a) = 3*a**2 - 3*a - 4. Let p be j(g). List the prime factors of (-32)/(-14) - 4/p.
2
Let x = 16 - 22. Let d = x + 26. Suppose -68 = -4*o - d. What are the prime factors of o?
2, 3
Let t(z) = 4*z**2 - 3*z + 3. What are the prime factors of t(2)?
13
Let a(d) = -d + 11. Let m(q) = 5*q - 55. Let n(f) = 11*a(f) + 2*m(f). What are the prime factors of n(0)?
11
List the prime factors of (-22)/(-6)*(-1 + -92)*-1.
11, 31
Suppose -2*r = -4, 2*o = 4*r + 42 + 28. Suppose 3*t = 2*w - o, -4*w + t + 111 = 6*t. Suppose 0 = 5*p - 16 - w. List the prime factors of p.
2
Suppose 4*q - 3*q - c - 24 = 0, 0 = 3*q + 2*c - 82. What are the prime factors of q/1*3/3?
2, 13
Let x be ((-5)/(-15))/(2/36). Suppose -x*z = -5*z - 6. What are the prime factors of z?
2, 3
Let y(l) = -l**3 + 7*l**2 - 5*l + 4. Let d(x) = 2*x - 4. Let b be d(5). What are the prime factors of y(b)?
2, 5
Let k(r) = 3*r + 28. Let i(p) = 2*p + 28. Let z(q) = 4*i(q) - 3*k(q). Let u be z(0). Suppose -3*c + u = -8. List the prime factors of c.
2, 3
Let s(z) = z**3 - 10*z**2 - 19*z + 8. What are the prime factors of s(12)?
2, 17
Suppose 12 = 7*l - 4*l. Suppose -u - l*u = 0. Suppose 3*d = -u*d + 12. What are the prime factors of d?
2
Suppose 8 + 4 = 4*a. Let j(t) = -6*t - a + 3 + t. What are the prime factors of j(-1)?
5
Suppose -6 = 2*a + 4*t, -2*a - t = 5 - 2. Suppose z = 6*z - 5. List the prime factors of a - (-6 + -2*z).
7
Let q(a) = a**2 + 11*a - 24. Let p be q(-13). Let d(x) = x**3 + 2*x**2 - 3*x + 1. Let k be d(2). Suppose 0 = j + p - k. List the prime factors of j.
3
Let q(y) = y - 7. Let o be q(6). Let d(l) = 17*l - 1. Let t be d(o). Let x = 26 + t. List the prime factors of x.
2
Suppose 16 = b - 5*x, 0*x = -b + 3*x + 10. Suppose -3*g = 2*g - 110. Suppose -g = -2*m - w, 4*m - 4*w + b - 33 = 0. What are the prime factors of m?
2, 5
Let p = -30 + 52. Let u = p + -4. List the prime factors of u.
2, 3
Suppose 0 = 5*t + 2*h - 9, -3*t - 6*h + 3*h = 0. Suppose 2 = -s + 5*m + 5, t*s + 3*m = 9. What are the prime factors of s?
3
Let f(s) = 32*s**2. What are the prime factors of f(1)?
2
Suppose 0*x = -x + 1. List the prime factors of (1 - x)/2 + 9.
3
Let g = -7 - -12. Let y = -2 + g. Let k = y - -6. What are the prime factors of k?
3
Let g(t) = 2*t**2 - 2*t + 4. Let n be g(5). Suppose 3*j + 7*d - n = 3*d, 2 = d. Suppose 0 = 2*x - 4*m + j, -3*x = m + 2*m - 18. List the prime factors of x.
2
Suppose 146 = 2*a + 2*y, 0*a + a + 5*y = 81. List the prime factors of a.
71
Suppose 5*m + 2*j = 26, -m = 4*j - 0 + 2. Suppose -7*t + 4*t = m. What are the prime factors of (-1)/((t/3)/2)?
3
Let t(q) = 7 + q - 7. Let c = -8 - -16. What are the prime factors of t(c)?
2
Suppose 5 = -4*d + 17. Suppose -1 = -3*h - 4*u, d*h - 3 = 4*h + 3*u. Suppose h*q - 24 = -0*q. List the prime factors of q.
2
Suppose -3*f + l + 1 = f, 0 = -2*f - 5*l - 5. Suppose f = 4*v - 2*v + 4. What are the prime factors of -3 - -4 - (-21 - v)?
2, 5
Let m = 2 + 1. Suppose 4*x + m*l = 141, 2*x - 2*l = 116 - 42. Suppose 6*q = 2*q + x. List the prime factors of q.
3
What are the prime factors of -2 + 15/3 - 138/(-2)?
2, 3
Let r(o) = 3*o + 1. Let d be r(-1). Let l(z) = 3*z**2 + 3*z + 2. Let w be l(d). Let t = -4 + w. What are the prime factors of t?
2
Suppose 2*b = 4*b + 10. Let h be b/(-2) - (-1)/2. Suppose -h*s + 12 = s. What are the prime factors of s?
3
Suppose -3*h = 3*w - 126, 36 = w + h - 3*h. Suppose -2*m = 4*b - 2*b - 50, b - w = 2*m. What are the prime factors of b?
2, 3, 5
Let u be (32/(-12))/(6/(-9)). Suppose y = -u*y + 70. What are the prime factors of y?
2, 7
Let q = -9 + -1. Let n = q - -15. Suppose -5*g - 45 = -4*m, -2*m = -n*g - 25 - 10. List the prime factors of m.
5
Suppose -m - 5 + 10 = 0. Let k(q) = q**3 - q**2 - 3*q + 2. Let u be k(2). Suppose p = m*l - 94, p + 76 = -u*l + 4*l. List the prime factors of l.
2, 3
Suppose -3*s + 228 = 4*q, -147 = -2*s - 0*q - q. List the prime factors of s.
2, 3
Suppose -4*o = -2*o - 3*n - 14, 3*o = 5*n + 22. What are the prime factors of o?
2
Let u be (-2)/(-2) - (-22 - -1). Let g(o) = -o + 5. Let j be g(5). Suppose j = 6*w - 4*w - u. What are the prime factors of w?
11
Let c = 336 - 235. What are the prime factors of c?
101
Let i(q) = -q**3 - 13*q**2 - 18*q - 31. What are the prime factors of i(-13)?
7, 29
Let b(f) = 6*f - 8. List the prime factors of b(7).
2, 17
Let m = -33 - -42. What are the prime factors of m?
3
Suppose 6*k - 3*k - 2*c - 55 = 0, -5*c = -20. What are the prime factors of k?
3, 7
Let c(v) = -v - 4. Let h be c(0). Suppose 3*u - 9 - 15 = 0. Let w = h + u. What are the prime factors of w?
2
Let a(y) = -1 - 3 - 3*y - 7*y**2 - 5 - 4*y**2 - y**3. What are the prime factors of a(-11)?
2, 3
Let q = 39 + -19. What are the prime factors of q/8 - (-2)/(-4)?
2
Suppose -20 = -0*a - 2*a. Suppose 4*l - 10 = a. Let x(s) = -s**3 + 4*s**2 + 7*s - 4. List the prime factors of x(l).
2, 3
Let h(n) = 5*n**3 - 1. Let i(u) = u**3 + 3*u**2 + 1. Let j be -1 - (2 + -1) - 1. Let s be i(j). What are the prime factors of h(s)?
2
Let q be 2/9 + (-6)/27. Suppose 6*w - w = q. List the prime factors of 0 + 16*(1 + w).
2
Let v = -10 + 15. What are the prime factors of v?
5
Let m be 2/7 + (-191)/7. Let l = m - -45. Suppose l = p + p. What are the prime factors of p?
3
Suppose 7*g - 4*g + 9 = -5*u, 0 = -g - 3*u - 7. Suppose -o - g*o = v - 51, -47 = -2*o - 5*v. What are the prime factors of o?
2
Let j(l) = -l**2 - 9*l - 2. Let n be (4/(-8))/(1/16). List the prime factors of j(n).
2, 3
Suppose 0*p + 4*p = -4*x + 732, 2*p = 3*x + 366. List the prime fa